{"id":14,"date":"2025-09-05T10:39:58","date_gmt":"2025-09-05T10:39:58","guid":{"rendered":"https:\/\/www.kuopiopunk.fi\/?page_id=14"},"modified":"2026-02-10T23:47:13","modified_gmt":"2026-02-10T23:47:13","slug":"kuopiopunk-fi","status":"publish","type":"page","link":"http:\/\/www.kuopiopunk.fi\/","title":{"rendered":"kuopiopunk.fi"},"content":{"rendered":"\t\t<div data-elementor-type=\"wp-page\" data-elementor-id=\"14\" class=\"elementor elementor-14\" data-elementor-post-type=\"page\">\n\t\t\t\t<div class=\"elementor-element elementor-element-4f24c5d e-flex e-con-boxed e-con e-parent\" data-id=\"4f24c5d\" data-element_type=\"container\" data-e-type=\"container\" data-settings=\"{&quot;background_background&quot;:&quot;classic&quot;}\">\n\t\t\t\t\t<div class=\"e-con-inner\">\n\t\t\t\t<div class=\"elementor-element elementor-element-49a998b elementor-widget elementor-widget-heading\" data-id=\"49a998b\" data-element_type=\"widget\" data-e-type=\"widget\" data-widget_type=\"heading.default\">\n\t\t\t\t\t<h2 class=\"elementor-heading-title elementor-size-default\">We\u2019re currently updating the Kuopio Punk Film Festival 2026 website.\n\nThings are taking shape and more information is coming soon.\nProgram details, schedules and announcements will be published step by step.\n\nCheck back shortly \u2014 see you soon!<\/h2>\t\t\t\t<\/div>\n\t\t\t\t\t<\/div>\n\t\t\t\t<\/div>\n\t\t<div class=\"elementor-element elementor-element-36ed559 e-flex e-con-boxed e-con e-parent\" data-id=\"36ed559\" data-element_type=\"container\" data-e-type=\"container\" data-settings=\"{&quot;background_background&quot;:&quot;classic&quot;}\">\n\t\t\t\t\t<div class=\"e-con-inner\">\n\t\t\t\t<div class=\"elementor-element elementor-element-3f8d7e0 elementor-widget elementor-widget-image\" data-id=\"3f8d7e0\" data-element_type=\"widget\" data-e-type=\"widget\" data-widget_type=\"image.default\">\n\t\t\t\t\t\t\t\t\t\t\t\t\t\t\t<img fetchpriority=\"high\" decoding=\"async\" width=\"1024\" height=\"1024\" src=\"https:\/\/www.kuopiopunk.fi\/wp-content\/uploads\/2026\/02\/FFW_KPFF_logo_master.png\" class=\"attachment-large size-large wp-image-253\" alt=\"\" srcset=\"https:\/\/www.kuopiopunk.fi\/wp-content\/uploads\/2026\/02\/FFW_KPFF_logo_master.png 1024w, https:\/\/www.kuopiopunk.fi\/wp-content\/uploads\/2026\/02\/FFW_KPFF_logo_master-300x300.png 300w, https:\/\/www.kuopiopunk.fi\/wp-content\/uploads\/2026\/02\/FFW_KPFF_logo_master-150x150.png 150w, https:\/\/www.kuopiopunk.fi\/wp-content\/uploads\/2026\/02\/FFW_KPFF_logo_master-768x768.png 768w\" sizes=\"(max-width: 1024px) 100vw, 1024px\" \/>\t\t\t\t\t\t\t\t\t\t\t\t\t\t\t<\/div>\n\t\t\t\t\t<\/div>\n\t\t\t\t<\/div>\n\t\t<div class=\"elementor-element elementor-element-5974519 e-flex e-con-boxed e-con e-parent\" data-id=\"5974519\" data-element_type=\"container\" data-e-type=\"container\" data-settings=\"{&quot;background_background&quot;:&quot;classic&quot;}\">\n\t\t\t\t\t<div class=\"e-con-inner\">\n\t\t\t\t<div class=\"elementor-element elementor-element-37f0019 elementor-widget elementor-widget-heading\" data-id=\"37f0019\" data-element_type=\"widget\" data-e-type=\"widget\" data-widget_type=\"heading.default\">\n\t\t\t\t\t<h2 class=\"elementor-heading-title elementor-size-default\">Kuopio Punk Film Festival 2025 \u2013 Pilottiversio<\/h2>\t\t\t\t<\/div>\n\t\t\t\t\t<\/div>\n\t\t\t\t<\/div>\n\t\t<div class=\"elementor-element elementor-element-c348015 e-flex e-con-boxed e-con e-parent\" data-id=\"c348015\" data-element_type=\"container\" data-e-type=\"container\" data-settings=\"{&quot;background_background&quot;:&quot;classic&quot;}\">\n\t\t\t\t\t<div class=\"e-con-inner\">\n\t\t\t\t<div class=\"elementor-element elementor-element-be18447 elementor-widget elementor-widget-spacer\" data-id=\"be18447\" data-element_type=\"widget\" data-e-type=\"widget\" data-widget_type=\"spacer.default\">\n\t\t\t\t\t\t\t<div class=\"elementor-spacer\">\n\t\t\t<div class=\"elementor-spacer-inner\"><\/div>\n\t\t<\/div>\n\t\t\t\t\t\t<\/div>\n\t\t\t\t\t<\/div>\n\t\t\t\t<\/div>\n\t\t<div class=\"elementor-element elementor-element-b4d838d e-flex e-con-boxed e-con e-parent\" data-id=\"b4d838d\" data-element_type=\"container\" data-e-type=\"container\" data-settings=\"{&quot;background_background&quot;:&quot;classic&quot;}\">\n\t\t\t\t\t<div class=\"e-con-inner\">\n\t\t\t\t<div class=\"elementor-element elementor-element-d6b978e elementor-widget elementor-widget-heading\" data-id=\"d6b978e\" data-element_type=\"widget\" data-e-type=\"widget\" data-widget_type=\"heading.default\">\n\t\t\t\t\t<h2 class=\"elementor-heading-title elementor-size-default\">Kuopio, Suomi\n13.\u201314.11.2025\nPunk-elokuvan ja musiikin juhlaa Savon syd\u00e4mess\u00e4\n<\/h2>\t\t\t\t<\/div>\n\t\t\t\t\t<\/div>\n\t\t\t\t<\/div>\n\t\t<div class=\"elementor-element elementor-element-b8ace7a e-flex e-con-boxed e-con e-parent\" data-id=\"b8ace7a\" data-element_type=\"container\" data-e-type=\"container\" data-settings=\"{&quot;background_background&quot;:&quot;classic&quot;}\">\n\t\t\t\t\t<div class=\"e-con-inner\">\n\t\t\t\t<div class=\"elementor-element elementor-element-f294414 elementor-widget elementor-widget-spacer\" data-id=\"f294414\" data-element_type=\"widget\" data-e-type=\"widget\" data-widget_type=\"spacer.default\">\n\t\t\t\t\t\t\t<div class=\"elementor-spacer\">\n\t\t\t<div class=\"elementor-spacer-inner\"><\/div>\n\t\t<\/div>\n\t\t\t\t\t\t<\/div>\n\t\t\t\t\t<\/div>\n\t\t\t\t<\/div>\n\t\t<div class=\"elementor-element elementor-element-f92b186 e-flex e-con-boxed e-con e-parent\" data-id=\"f92b186\" data-element_type=\"container\" data-e-type=\"container\" data-settings=\"{&quot;background_background&quot;:&quot;classic&quot;}\">\n\t\t\t\t\t<div class=\"e-con-inner\">\n\t\t\t\t<div class=\"elementor-element elementor-element-bc9887a elementor-widget elementor-widget-text-editor\" data-id=\"bc9887a\" data-element_type=\"widget\" data-e-type=\"widget\" data-widget_type=\"text-editor.default\">\n\t\t\t\t\t\t\t\t\t<p data-start=\"369\" data-end=\"672\"><strong data-start=\"369\" data-end=\"398\">Kuopio Punk Film Festival<\/strong> on uudenlainen, punk-henkinen elokuvafestivaali, joka tuo vaihtoehtokulttuurin valokeilaan. Marraskuussa 2025 j\u00e4rjestett\u00e4v\u00e4 pilottitapahtuma testaa uuden festivaalikonseptin toimivuutta Suomessa \u2013 tavoitteena rakentaa vuosittain toistuva kansainv\u00e4linen festivaali Kuopioon.<\/p><p data-start=\"674\" data-end=\"957\">Festivaalin ohjelmisto sis\u00e4lt\u00e4\u00e4 lyhytelokuvia, musiikkivideoita ja lasten\/nuorten sarjoja, joissa n\u00e4kyy rohkea ilmaisu, yhteiskunnallinen kulma tai DIY-henki. Festivaali on suunnattu kaikille, joita kiinnostaa vaihtoehtoinen elokuvakerronta, punkin henki ja kulttuurinen kapinahenki.<\/p>\t\t\t\t\t\t\t\t<\/div>\n\t\t\t\t\t<\/div>\n\t\t\t\t<\/div>\n\t\t<div class=\"elementor-element elementor-element-8465d0f e-flex e-con-boxed e-con e-parent\" data-id=\"8465d0f\" data-element_type=\"container\" data-e-type=\"container\" data-settings=\"{&quot;background_background&quot;:&quot;classic&quot;}\">\n\t\t\t\t\t<div class=\"e-con-inner\">\n\t\t<div class=\"elementor-element elementor-element-8482017 e-con-full e-flex e-con e-child\" data-id=\"8482017\" data-element_type=\"container\" data-e-type=\"container\" data-settings=\"{&quot;background_background&quot;:&quot;classic&quot;}\">\n\t\t\t\t<div class=\"elementor-element elementor-element-b8a7c2c elementor-widget elementor-widget-text-editor\" data-id=\"b8a7c2c\" data-element_type=\"widget\" data-e-type=\"widget\" data-widget_type=\"text-editor.default\">\n\t\t\t\t\t\t\t\t\t<p>Pitki\u00e4 elokuvia voidaan ottaa mukaan vain perustellusti. Pitk\u00e4 elokuva voidaan hyv\u00e4ksy\u00e4 ohjelmistoon, jos sen sis\u00e4lt\u00f6, muoto tai l\u00e4ht\u00f6kohta on selv\u00e4sti punk-henkinen, anarkistinen tai muuten festivaalin linjaan sopiva. Pelkk\u00e4 kesto ei ole valintaperuste.<\/p>\t\t\t\t\t\t\t\t<\/div>\n\t\t\t\t<\/div>\n\t\t<div class=\"elementor-element elementor-element-8e4cfe1 e-con-full e-flex e-con e-child\" data-id=\"8e4cfe1\" data-element_type=\"container\" data-e-type=\"container\">\n\t\t\t\t<div class=\"elementor-element elementor-element-29a672e elementor-widget elementor-widget-text-editor\" data-id=\"29a672e\" data-element_type=\"widget\" data-e-type=\"widget\" data-widget_type=\"text-editor.default\">\n\t\t\t\t\t\t\t\t\t<p>Kuopio Punk Film Festival painottuu ensisijaisesti lyhytmuotoisiin teoksiin, kuten lyhytelokuviin, lyhyisiin dokumentteihin, kokeellisiin elokuviin ja musiikkivideoihin.<\/p>\t\t\t\t\t\t\t\t<\/div>\n\t\t\t\t<\/div>\n\t\t<div class=\"elementor-element elementor-element-47f18fe e-con-full e-flex e-con e-child\" data-id=\"47f18fe\" data-element_type=\"container\" data-e-type=\"container\">\n\t\t\t\t<div class=\"elementor-element elementor-element-812a3c8 elementor-widget elementor-widget-html\" data-id=\"812a3c8\" data-element_type=\"widget\" data-e-type=\"widget\" data-widget_type=\"html.default\">\n\t\t\t\t\t<a href=\"https:\/\/filmfreeway.com\/festivals\/94539?utm_campaign=KUOPIO+PUNK+Film+Festival+-+KPFF+2026&utm_medium=External&utm_source=Submission+Button\" target=\"_blank\" title=\"Click to submit on FilmFreeway\"><img decoding=\"async\" src=\"https:\/\/public-assets.filmfreeway.com\/submission_buttons\/v2\/med_submission_btn@2x-sky-gradient.png\" title=\"Click to submit on FilmFreeway\" width=\"263\" height=\"102\"><\/a>\t\t\t\t<\/div>\n\t\t\t\t<div class=\"elementor-element elementor-element-60b1a41 elementor-widget elementor-widget-text-editor\" data-id=\"60b1a41\" data-element_type=\"widget\" data-e-type=\"widget\" data-widget_type=\"text-editor.default\">\n\t\t\t\t\t\t\t\t\t<p>N\u00e4e meid\u00e4t FilmFreeway<\/p>\t\t\t\t\t\t\t\t<\/div>\n\t\t\t\t<\/div>\n\t\t<div class=\"elementor-element elementor-element-af113a3 e-con-full e-flex e-con e-child\" data-id=\"af113a3\" data-element_type=\"container\" data-e-type=\"container\" data-settings=\"{&quot;background_background&quot;:&quot;classic&quot;}\">\n\t\t\t\t<div class=\"elementor-element elementor-element-57210f0 elementor-widget elementor-widget-text-editor\" data-id=\"57210f0\" data-element_type=\"widget\" data-e-type=\"widget\" data-widget_type=\"text-editor.default\">\n\t\t\t\t\t\t\t\t\t<p><strong>Tapahtumapaikka<\/strong><\/p><p><strong>Sawohouse Underground<\/strong> ja <strong>Maxim<\/strong>, Kuopio<br \/>Tapahtuma j\u00e4rjestet\u00e4\u00e4n kahdessa Kuopion legendaarisessa kulttuuritilassa, joissa n\u00e4hd\u00e4\u00e4n sek\u00e4 valikoituja elokuvan\u00e4yt\u00f6ksi\u00e4 ett\u00e4 oheisohjelmaa. Sawohouse Underground toimii el\u00e4v\u00e4n musiikin keskuksena ja Maxim elokuvan\u00e4yt\u00f6sten p\u00e4\u00e4n\u00e4ytt\u00e4m\u00f6n\u00e4.<\/p>\t\t\t\t\t\t\t\t<\/div>\n\t\t\t\t<\/div>\n\t\t\t\t\t<\/div>\n\t\t\t\t<\/div>\n\t\t<div class=\"elementor-element elementor-element-a6bd615 e-flex e-con-boxed e-con e-parent\" data-id=\"a6bd615\" data-element_type=\"container\" data-e-type=\"container\" data-settings=\"{&quot;background_background&quot;:&quot;classic&quot;}\">\n\t\t\t\t\t<div class=\"e-con-inner\">\n\t\t\t\t<div class=\"elementor-element elementor-element-3468a2d elementor-widget elementor-widget-spacer\" data-id=\"3468a2d\" data-element_type=\"widget\" data-e-type=\"widget\" data-widget_type=\"spacer.default\">\n\t\t\t\t\t\t\t<div class=\"elementor-spacer\">\n\t\t\t<div class=\"elementor-spacer-inner\"><\/div>\n\t\t<\/div>\n\t\t\t\t\t\t<\/div>\n\t\t\t\t\t<\/div>\n\t\t\t\t<\/div>\n\t\t<div class=\"elementor-element elementor-element-fd66601 e-flex e-con-boxed e-con e-parent\" data-id=\"fd66601\" data-element_type=\"container\" data-e-type=\"container\" data-settings=\"{&quot;background_background&quot;:&quot;classic&quot;}\">\n\t\t\t\t\t<div class=\"e-con-inner\">\n\t\t\t\t<div class=\"elementor-element elementor-element-979e457 elementor-widget elementor-widget-heading\" data-id=\"979e457\" data-element_type=\"widget\" data-e-type=\"widget\" data-widget_type=\"heading.default\">\n\t\t\t\t\t<h2 class=\"elementor-heading-title elementor-size-default\">TAPAHTUMAN KUVAUS<\/h2>\t\t\t\t<\/div>\n\t\t\t\t\t<\/div>\n\t\t\t\t<\/div>\n\t\t<div class=\"elementor-element elementor-element-4ce0320 e-flex e-con-boxed e-con e-parent\" data-id=\"4ce0320\" data-element_type=\"container\" data-e-type=\"container\" data-settings=\"{&quot;background_background&quot;:&quot;classic&quot;}\">\n\t\t\t\t\t<div class=\"e-con-inner\">\n\t\t\t\t<div class=\"elementor-element elementor-element-2cc07e7 elementor-widget elementor-widget-text-editor\" data-id=\"2cc07e7\" data-element_type=\"widget\" data-e-type=\"widget\" data-widget_type=\"text-editor.default\">\n\t\t\t\t\t\t\t\t\t<p>\u00a0<\/p><p>Kuopio Punk Film Festival on riippumaton elokuva- ja musiikkifestivaali, joka keskittyy punk-henkiseen, anarkistiseen ja DIY-l\u00e4ht\u00f6iseen ilmaisuun.<\/p><p>Festivaalin ohjelmisto painottuu lyhytmuotoisiin elokuviin, kuten lyhytelokuviin, lyhyisiin dokumentteihin, kokeellisiin teoksiin sek\u00e4 musiikkivideoihin. Lyhyt muoto on festivaalin ydin: suora, tiivis ja tinkim\u00e4t\u00f6n.<\/p><p>Pitki\u00e4 elokuvia voidaan ottaa mukaan vain perustellusti. Pitk\u00e4 elokuva voidaan hyv\u00e4ksy\u00e4 ohjelmistoon, jos sen sis\u00e4lt\u00f6, muoto tai l\u00e4ht\u00f6kohta on selv\u00e4sti punk-henkinen, anarkistinen tai muuten festivaalin linjaan sopiva. Pelkk\u00e4 pituus ei ole valintaperuste.<\/p><p>Kuopio Punk Film Festival etsii teoksia, jotka on tehty pakosta eik\u00e4 miellytt\u00e4misen vuoksi. Meit\u00e4 kiinnostavat tekij\u00e4n intentio, riskinotto ja perustelu: miksi t\u00e4m\u00e4 teos on olemassa ja miksi se pit\u00e4\u00e4 n\u00e4hd\u00e4.<\/p><p>Musiikki on festivaalin keski\u00f6ss\u00e4, ei sivujuonne. Ohjelmistossa on musiikkivideoita, joissa kuva, \u00e4\u00e4ni ja asenne muodostavat erottamattoman kokonaisuuden.<\/p><p>N\u00e4yt\u00f6kset ja oheistapahtumat j\u00e4rjestet\u00e4\u00e4n elokuvateatteri Maxim Kuopiossa sek\u00e4 SawoHouse Undergroundissa, Kuopiossa.<\/p><p>Kuopio Punk Film Festival on el\u00e4v\u00e4 ja kehittyv\u00e4 tapahtuma. Ohjelmaa, sis\u00e4lt\u00f6\u00e4 ja lis\u00e4tietoja p\u00e4ivitet\u00e4\u00e4n festivaalin rakentumisen edetess\u00e4.<\/p><p>Jos teoksesi ei mahdu siistiin lokeroon mutta kuuluu valkokankaalle, t\u00e4m\u00e4 festivaali on sinua varten.<\/p>\t\t\t\t\t\t\t\t<\/div>\n\t\t\t\t\t<\/div>\n\t\t\t\t<\/div>\n\t\t<div class=\"elementor-element elementor-element-1236517 e-flex e-con-boxed e-con e-parent\" data-id=\"1236517\" data-element_type=\"container\" data-e-type=\"container\" data-settings=\"{&quot;background_background&quot;:&quot;classic&quot;}\">\n\t\t\t\t\t<div class=\"e-con-inner\">\n\t\t\t\t<div class=\"elementor-element elementor-element-f7e7743 elementor-widget elementor-widget-image\" data-id=\"f7e7743\" data-element_type=\"widget\" data-e-type=\"widget\" data-widget_type=\"image.default\">\n\t\t\t\t\t\t\t\t\t\t\t\t\t\t\t<img decoding=\"async\" width=\"1400\" height=\"577\" src=\"https:\/\/www.kuopiopunk.fi\/wp-content\/uploads\/2026\/02\/FFW_tausta_AI3.png\" class=\"attachment-1536x1536 size-1536x1536 wp-image-252\" alt=\"\" srcset=\"https:\/\/www.kuopiopunk.fi\/wp-content\/uploads\/2026\/02\/FFW_tausta_AI3.png 1400w, https:\/\/www.kuopiopunk.fi\/wp-content\/uploads\/2026\/02\/FFW_tausta_AI3-300x124.png 300w, https:\/\/www.kuopiopunk.fi\/wp-content\/uploads\/2026\/02\/FFW_tausta_AI3-1024x422.png 1024w, https:\/\/www.kuopiopunk.fi\/wp-content\/uploads\/2026\/02\/FFW_tausta_AI3-768x317.png 768w\" sizes=\"(max-width: 1400px) 100vw, 1400px\" \/>\t\t\t\t\t\t\t\t\t\t\t\t\t\t\t<\/div>\n\t\t\t\t\t<\/div>\n\t\t\t\t<\/div>\n\t\t<div class=\"elementor-element elementor-element-67396e4 e-flex e-con-boxed e-con e-parent\" data-id=\"67396e4\" data-element_type=\"container\" data-e-type=\"container\">\n\t\t\t\t\t<div class=\"e-con-inner\">\n\t\t\t\t<div class=\"elementor-element elementor-element-0a07452 elementor-widget elementor-widget-heading\" data-id=\"0a07452\" data-element_type=\"widget\" data-e-type=\"widget\" data-widget_type=\"heading.default\">\n\t\t\t\t\t<h2 class=\"elementor-heading-title elementor-size-default\">Menneet tapaahtumat<\/h2>\t\t\t\t<\/div>\n\t\t\t\t\t<\/div>\n\t\t\t\t<\/div>\n\t\t<div class=\"elementor-element elementor-element-b815496 e-flex e-con-boxed e-con e-parent\" data-id=\"b815496\" data-element_type=\"container\" data-e-type=\"container\" data-settings=\"{&quot;background_background&quot;:&quot;classic&quot;}\">\n\t\t\t\t\t<div class=\"e-con-inner\">\n\t\t\t\t<div class=\"elementor-element elementor-element-79daf50 elementor-widget elementor-widget-image\" data-id=\"79daf50\" data-element_type=\"widget\" data-e-type=\"widget\" data-widget_type=\"image.default\">\n\t\t\t\t\t\t\t\t\t\t\t\t\t\t\t<img loading=\"lazy\" decoding=\"async\" width=\"768\" height=\"1075\" src=\"https:\/\/www.kuopiopunk.fi\/wp-content\/uploads\/2025\/12\/punk_poster2_500x700mm-768x1075.jpg\" class=\"attachment-medium_large size-medium_large wp-image-152\" alt=\"\" srcset=\"https:\/\/www.kuopiopunk.fi\/wp-content\/uploads\/2025\/12\/punk_poster2_500x700mm-768x1075.jpg 768w, https:\/\/www.kuopiopunk.fi\/wp-content\/uploads\/2025\/12\/punk_poster2_500x700mm-214x300.jpg 214w, https:\/\/www.kuopiopunk.fi\/wp-content\/uploads\/2025\/12\/punk_poster2_500x700mm-731x1024.jpg 731w, https:\/\/www.kuopiopunk.fi\/wp-content\/uploads\/2025\/12\/punk_poster2_500x700mm-1097x1536.jpg 1097w, https:\/\/www.kuopiopunk.fi\/wp-content\/uploads\/2025\/12\/punk_poster2_500x700mm.jpg 1417w\" sizes=\"(max-width: 768px) 100vw, 768px\" \/>\t\t\t\t\t\t\t\t\t\t\t\t\t\t\t<\/div>\n\t\t\t\t\t<\/div>\n\t\t\t\t<\/div>\n\t\t<div class=\"elementor-element elementor-element-6ca9b6e e-flex e-con-boxed e-con e-parent\" data-id=\"6ca9b6e\" data-element_type=\"container\" data-e-type=\"container\" data-settings=\"{&quot;background_background&quot;:&quot;classic&quot;}\">\n\t\t\t\t\t<div class=\"e-con-inner\">\n\t\t<div class=\"elementor-element elementor-element-e862dee e-con-full e-flex e-con e-child\" data-id=\"e862dee\" data-element_type=\"container\" data-e-type=\"container\">\n\t\t\t\t<div class=\"elementor-element elementor-element-2287403 elementor-widget elementor-widget-text-editor\" data-id=\"2287403\" data-element_type=\"widget\" data-e-type=\"widget\" data-widget_type=\"text-editor.default\">\n\t\t\t\t\t\t\t\t\t<p><strong data-start=\"2444\" data-end=\"2462\">Tuomas Ohtonen<\/strong><br data-start=\"2462\" data-end=\"2465\" \/>Tuottaja \u2013 HiDE MEDIA Finland Oy<br data-start=\"2497\" data-end=\"2500\" \/>\ud83d\udce7 <a class=\"decorated-link cursor-pointer\" rel=\"noopener\" data-start=\"2503\" data-end=\"2531\">tuomas.ohtonen@kuopiopunk.fi<\/a> | <a class=\"decorated-link cursor-pointer\" rel=\"noopener\" data-start=\"2534\" data-end=\"2552\">punk@kuopiopunk.fi<\/a><br data-start=\"2552\" data-end=\"2555\" \/>\ud83d\udcde +358 45 848 1880<\/p>\t\t\t\t\t\t\t\t<\/div>\n\t\t\t\t<\/div>\n\t\t<div class=\"elementor-element elementor-element-e69f856 e-con-full e-flex e-con e-child\" data-id=\"e69f856\" data-element_type=\"container\" data-e-type=\"container\">\n\t\t\t\t<div class=\"elementor-element elementor-element-2e25b9b elementor-widget elementor-widget-text-editor\" data-id=\"2e25b9b\" data-element_type=\"widget\" data-e-type=\"widget\" data-widget_type=\"text-editor.default\">\n\t\t\t\t\t\t\t\t\t<p>\ud83c\udfb8 <strong data-start=\"572\" data-end=\"597\">Sawohouse Underground<\/strong><br data-start=\"597\" data-end=\"600\" \/>Tarhakuja 1, 70780 Kuopio, Finland<\/p><p><blockquote class=\"wp-embedded-content\" data-secret=\"B8M016DLRt\"><a href=\"https:\/\/sawohouseunderground.fi\/\">Underground<\/a><\/blockquote><iframe class=\"wp-embedded-content\" sandbox=\"allow-scripts\" security=\"restricted\" style=\"position: absolute; visibility: hidden;\" title=\"&#8221;Underground&#8221; &#8212; SAWOHOUSE UNDERGROUND\" src=\"https:\/\/sawohouseunderground.fi\/embed\/#?secret=AjGMsECFEz#?secret=B8M016DLRt\" data-secret=\"B8M016DLRt\" width=\"500\" height=\"282\" frameborder=\"0\" marginwidth=\"0\" marginheight=\"0\" scrolling=\"no\"><\/iframe><\/p>\t\t\t\t\t\t\t\t<\/div>\n\t\t\t\t<\/div>\n\t\t<div class=\"elementor-element elementor-element-69b196d e-con-full e-flex e-con e-child\" data-id=\"69b196d\" data-element_type=\"container\" data-e-type=\"container\">\n\t\t\t\t<div class=\"elementor-element elementor-element-f9bd3e8 elementor-widget elementor-widget-text-editor\" data-id=\"f9bd3e8\" data-element_type=\"widget\" data-e-type=\"widget\" data-widget_type=\"text-editor.default\">\n\t\t\t\t\t\t\t\t\t<p>\ud83c\udfac <strong>Ohjemaraavintola<\/strong><strong data-start=\"717\" data-end=\"738\">\u00a0Maxim Kuopio<\/strong><br data-start=\"738\" data-end=\"741\" \/>Haapaniemenkatu 18, 70110 Kuopio, Finland<\/p><p><blockquote class=\"wp-embedded-content\" data-secret=\"WzQQyap2Xm\"><a href=\"https:\/\/maximkuopio.fi\/\">Maxim Kuopio etusivu<\/a><\/blockquote><iframe class=\"wp-embedded-content\" sandbox=\"allow-scripts\" security=\"restricted\" style=\"position: absolute; visibility: hidden;\" title=\"&#8221;Maxim Kuopio etusivu&#8221; &#8212; Maxim Kuopio\" src=\"https:\/\/maximkuopio.fi\/embed\/#?secret=NYw6mBtgbH#?secret=WzQQyap2Xm\" data-secret=\"WzQQyap2Xm\" width=\"500\" height=\"282\" frameborder=\"0\" marginwidth=\"0\" marginheight=\"0\" scrolling=\"no\"><\/iframe><\/p>\t\t\t\t\t\t\t\t<\/div>\n\t\t\t\t<\/div>\n\t\t<div class=\"elementor-element elementor-element-aaf7cfa e-con-full e-flex e-con e-child\" data-id=\"aaf7cfa\" data-element_type=\"container\" data-e-type=\"container\">\n\t\t\t\t<\/div>\n\t\t<div class=\"elementor-element elementor-element-aafb23b e-con-full e-flex e-con e-child\" data-id=\"aafb23b\" data-element_type=\"container\" data-e-type=\"container\">\n\t\t\t\t<\/div>\n\t\t<div class=\"elementor-element elementor-element-8c83c41 e-con-full e-flex e-con e-child\" data-id=\"8c83c41\" data-element_type=\"container\" data-e-type=\"container\">\n\t\t\t\t<\/div>\n\t\t\t\t\t<\/div>\n\t\t\t\t<\/div>\n\t\t<div class=\"elementor-element elementor-element-fea5882 e-flex e-con-boxed e-con e-parent\" data-id=\"fea5882\" data-element_type=\"container\" data-e-type=\"container\">\n\t\t\t\t\t<div class=\"e-con-inner\">\n\t\t\t\t<div class=\"elementor-element elementor-element-b5aea62 elementor-widget elementor-widget-spacer\" data-id=\"b5aea62\" data-element_type=\"widget\" data-e-type=\"widget\" data-widget_type=\"spacer.default\">\n\t\t\t\t\t\t\t<div class=\"elementor-spacer\">\n\t\t\t<div class=\"elementor-spacer-inner\"><\/div>\n\t\t<\/div>\n\t\t\t\t\t\t<\/div>\n\t\t\t\t\t<\/div>\n\t\t\t\t<\/div>\n\t\t\t\t<\/div>\n\t\t","protected":false},"excerpt":{"rendered":"<p>We\u2019re currently updating the Kuopio Punk Film Festival 2026 website. Things are taking shape and more information is coming soon. [&hellip;]<\/p>\n","protected":false},"author":1,"featured_media":8,"parent":0,"menu_order":0,"comment_status":"closed","ping_status":"closed","template":"","meta":{"site-sidebar-layout":"no-sidebar","site-content-layout":"","ast-site-content-layout":"full-width-container","site-content-style":"default","site-sidebar-style":"default","ast-global-header-display":"","ast-banner-title-visibility":"","ast-main-header-display":"","ast-hfb-above-header-display":"","ast-hfb-below-header-display":"","ast-hfb-mobile-header-display":"","site-post-title":"disabled","ast-breadcrumbs-content":"","ast-featured-img":"disabled","footer-sml-layout":"","ast-disable-related-posts":"","theme-transparent-header-meta":"","adv-header-id-meta":"","stick-header-meta":"","header-above-stick-meta":"","header-main-stick-meta":"","header-below-stick-meta":"","astra-migrate-meta-layouts":"default","ast-page-background-enabled":"default","ast-page-background-meta":{"desktop":{"background-color":"var(--ast-global-color-5)","background-image":"","background-repeat":"repeat","background-position":"center center","background-size":"auto","background-attachment":"scroll","background-type":"","background-media":"","overlay-type":"","overlay-color":"","overlay-opacity":"","overlay-gradient":""},"tablet":{"background-color":"","background-image":"","background-repeat":"repeat","background-position":"center center","background-size":"auto","background-attachment":"scroll","background-type":"","background-media":"","overlay-type":"","overlay-color":"","overlay-opacity":"","overlay-gradient":""},"mobile":{"background-color":"","background-image":"","background-repeat":"repeat","background-position":"center center","background-size":"auto","background-attachment":"scroll","background-type":"","background-media":"","overlay-type":"","overlay-color":"","overlay-opacity":"","overlay-gradient":""}},"ast-content-background-meta":{"desktop":{"background-color":"var(--ast-global-color-4)","background-image":"","background-repeat":"repeat","background-position":"center center","background-size":"auto","background-attachment":"scroll","background-type":"","background-media":"","overlay-type":"","overlay-color":"","overlay-opacity":"","overlay-gradient":""},"tablet":{"background-color":"var(--ast-global-color-4)","background-image":"","background-repeat":"repeat","background-position":"center center","background-size":"auto","background-attachment":"scroll","background-type":"","background-media":"","overlay-type":"","overlay-color":"","overlay-opacity":"","overlay-gradient":""},"mobile":{"background-color":"var(--ast-global-color-4)","background-image":"","background-repeat":"repeat","background-position":"center center","background-size":"auto","background-attachment":"scroll","background-type":"","background-media":"","overlay-type":"","overlay-color":"","overlay-opacity":"","overlay-gradient":""}},"footnotes":""},"class_list":["post-14","page","type-page","status-publish","has-post-thumbnail","hentry"],"_links":{"self":[{"href":"http:\/\/www.kuopiopunk.fi\/index.php\/wp-json\/wp\/v2\/pages\/14","targetHints":{"allow":["GET"]}}],"collection":[{"href":"http:\/\/www.kuopiopunk.fi\/index.php\/wp-json\/wp\/v2\/pages"}],"about":[{"href":"http:\/\/www.kuopiopunk.fi\/index.php\/wp-json\/wp\/v2\/types\/page"}],"author":[{"embeddable":true,"href":"http:\/\/www.kuopiopunk.fi\/index.php\/wp-json\/wp\/v2\/users\/1"}],"replies":[{"embeddable":true,"href":"http:\/\/www.kuopiopunk.fi\/index.php\/wp-json\/wp\/v2\/comments?post=14"}],"version-history":[{"count":246,"href":"http:\/\/www.kuopiopunk.fi\/index.php\/wp-json\/wp\/v2\/pages\/14\/revisions"}],"predecessor-version":[{"id":313,"href":"http:\/\/www.kuopiopunk.fi\/index.php\/wp-json\/wp\/v2\/pages\/14\/revisions\/313"}],"wp:featuredmedia":[{"embeddable":true,"href":"http:\/\/www.kuopiopunk.fi\/index.php\/wp-json\/wp\/v2\/media\/8"}],"wp:attachment":[{"href":"http:\/\/www.kuopiopunk.fi\/index.php\/wp-json\/wp\/v2\/media?parent=14"}],"curies":[{"name":"wp","href":"https:\/\/api.w.org\/{rel}","templated":true}]}}